5*h. What is the hundreds digit of y?
1
Suppose -h + 70 = h - 4*b, 69 = 2*h - 3*b. Let r be h/2 + (-4)/(-8). Let o = 28 - r. What is the tens digit of o?
1
Suppose -n - 2 = 0, -4*s + 7*s = -5*n + 8. Let f = 11 - s. What is the units digit of f?
5
Let p be ((-24)/(-10))/(6/30). Let s = -5 + p. What is the units digit of s?
7
Let n = -9 - -112. What is the tens digit of n?
0
Let r = -7 - -10. Suppose 4*n - 46 = r*w, 4 = n - 3*w - 3. What is the tens digit of n?
1
Let b(f) = -38*f**3 + f**2 - f - 2. What is the units digit of b(-1)?
8
What is the units digit of (-42 + 2)/((2 - 1)*-1)?
0
Let y = 87 - 57. What is the tens digit of y?
3
Suppose -3*r - 8 = -113. What is the tens digit of r?
3
Let b be (-1 - 4 - -3) + 2. Suppose 0 = -5*d + j + 41, -4*d - 4*j + 18 + 10 = b. What is the units digit of d?
8
Suppose -n + 2 + 3 = 0. What is the units digit of 67/n - 2/5?
3
Let c = 55 + 9. What is the units digit of c?
4
Suppose -6 = 4*z + z - 3*q, -3 = 5*z - 4*q. Let m = 0 - z. Suppose -2*i = -4, 2*i + 65 = m*v + 6*i. What is the tens digit of v?
1
Let i(j) = -j - 10. Let g be i(0). Let k = -4 - g. What is the units digit of k?
6
Suppose -136 = -13*x + 11*x. What is the units digit of x?
8
Suppose 0 = -l + 36 + 3. What is the tens digit of l?
3
What is the tens digit of (-2 - -3) + 3*5?
1
Let f = 3 + -5. Let m = f + 4. What is the units digit of m?
2
Suppose -18 = -x + 5*t, 20 = -2*t - 3*t. Let q(f) = -f + 1. Let o be q(x). Suppose 2*g - 3*g + o = 0. What is the units digit of g?
3
Let b = -5 - -9. Suppose 4*s - b*k - 8 = 0, 4*k = 3*s - 1 - 2. Let a(v) = -v**3 + 4*v**2 + 6*v + 2. What is the units digit of a(s)?
7
Let b = -102 - -172. What is the units digit of b?
0
Let m be 24/(-156) - 1322/26. Let r = -26 - m. What is the units digit of r?
5
Suppose -469 = -5*l + 446. What is the hundreds digit of l?
1
Let p be 1 + (-2 - -1) + 3. What is the units digit of 7/(p/(-2) - -2)?
4
Let m(q) be the first derivative of 8*q**3/3 + q**2/2 - q - 1. Let x(s) = -s**3 + 3*s**2 - s. Let v be x(1). What is the units digit of m(v)?
8
Suppose 0 = 5*x - 4 - 11. Suppose x*n = -0*n + 33. What is the units digit of n?
1
Let q(a) = 2*a**2 - a - 2. Let g be q(2). Let u be 8/2 + (-4 - -2). What is the units digit of ((-14)/(-4))/(u/g)?
7
Suppose 2*a - 4 = -3*j, -5*a - 2*j + 6 + 4 = 0. Suppose -a*t = 5*o - 32, 5*o - 7 = -t + 14. What is the tens digit of t?
1
Let j(k) be the first derivative of k**6/360 + k**5/30 - k**4/3 - 2*k**3/3 + 3. Let l(h) be the third derivative of j(h). What is the units digit of l(-7)?
3
Let h(z) be the first derivative of z**2/2 + 4*z - 2. Let d be h(-6). What is the units digit of ((-2)/(-4))/(d/(-20))?
5
Suppose 3*f = 2*f + 3. Let d be (f/(-4))/((-1)/4). Suppose -a - 3 = -d*u, 0 = -4*a + 2*u - 0*u + 18. What is the units digit of a?
6
Let r = 73 - 49. What is the tens digit of r?
2
Let b be 436/6 + (-4)/6. Let g be (b/14)/((-8)/(-84)). Let x = g + -38. What is the tens digit of x?
1
Suppose 5*i - 54 = 4*i. What is the tens digit of i?
5
Suppose -2*d = -3 - 5. Suppose -2*b = -3*w + 5 + 6, -d*b = w - 13. Suppose -s + 2*y + 29 - 9 = 0, -45 = -w*s - y. What is the units digit of s?
0
Let b = 111 + -66. What is the units digit of b?
5
Suppose 64 = -n + 229. What is the units digit of n?
5
Let s(c) be the first derivative of -c**3/3 + 11*c**2/2 + 3*c + 1. Let h be s(5). Suppose 4*g - h = 35. What is the units digit of g?
7
Let n be (-12)/9*(-2 + -1). Suppose 4 = o - n. What is the units digit of o?
8
Let h = 14 - 4. Suppose 2*m - h = -4*a + 8, -2*a - 93 = -5*m. What is the tens digit of m?
1
Suppose 4*z = -47 - 1489. What is the units digit of (z/(-36))/(2/3)?
6
Suppose m = -4*v + 61, -m - 34 = -2*v + 1. What is the tens digit of v?
1
Suppose -4*o + 37 = 4*g - 87, -o - 3*g + 33 = 0. What is the tens digit of o?
3
Suppose -o + 1661 - 405 = 4*c, -4*o - 1570 = -5*c. What is the units digit of c?
4
Let t(v) = -35*v**2 + 5*v - 5. Let f(o) = o**2 + o - 1. Let p(b) = 4*f(b) - t(b). What is the tens digit of p(1)?
3
Let z be (-2)/(-5)*-1*30. Let q = 29 + z. What is the tens digit of q?
1
What is the units digit of (-8)/36 + (-490)/(-18)?
7
Let w = 149 + -123. What is the tens digit of w?
2
Let l = -2 - -5. What is the units digit of l?
3
Suppose 4*g - 15 = -g. Let k(b) = 6*b - g*b - 2*b. What is the units digit of k(3)?
3
Let r(s) = -s - 15. Let k be r(0). Let b = -7 - k. What is the units digit of b?
8
Suppose -5*z = -5*u + 25, -5*z = 2*u - 3*z - 10. What is the units digit of u?
5
Suppose 0 = -2*t + 2*k - 6*k - 16, k = -t - 7. What is the units digit of t/((-9)/12*1)?
8
Let m(t) = t + 31. What is the tens digit of m(0)?
3
Let x = 2 - 6. Let s = x - -13. Let r = s - -7. What is the units digit of r?
6
Let n be 3/(-3)*0/(-1). Suppose n = -k + 23 + 4. Suppose 3*a + 2*i = 17, -i - k = -3*a - 4. What is the units digit of a?
7
Suppose -32 = -u + 4*w, 3*u + 3*w - 218 = -47. What is the tens digit of u?
5
Suppose -w = 4*i - 266 + 88, 0 = -4*w - i + 772. What is the units digit of w?
4
Suppose -3*k + 39 + 18 = 0. Let m = 31 - k. What is the units digit of m?
2
Let b(j) = -j**2 + 6*j + 4. Let g(m) = -7*m - 4. Let n(v) = -4*b(v) - 3*g(v). What is the tens digit of n(3)?
2
Let n = 1 - -4. Let l = 12 + n. What is the tens digit of l?
1
Let k(u) = -u**3 + 9*u + 1. What is the hundreds digit of k(-7)?
2
Suppose -6*v - 5 = -t - v, 0 = -4*t + 2*v - 16. Let a(r) = -r**3 - 5*r**2 + 3*r + 7. Let i be a(t). What is the units digit of 1/(-1)*i + -1?
7
Suppose -m - 4*r = 3*m - 12, 0 = -2*r + 6. Suppose -f + 54 = -m*f. What is the units digit of f?
4
Let v(a) = 4*a**2 + 6*a. Let f(z) = -3*z**2 - 5*z. Let o(i) = 6*f(i) + 5*v(i). Let t be o(1). Let h(g) = 5*g. What is the tens digit of h(t)?
1
Suppose 0 = 5*c - 0*c + 30. What is the units digit of 3/(-6)*c + 0?
3
Suppose 3*i - 4*u - u = 0, 0 = -2*i + 5*u - 5. Let n be 1/(-1)*-2*i. What is the units digit of n/3 + (-2)/6?
3
Suppose -u + 2*k + 230 = 0, 3*u - 7*u = 5*k - 933. What is the units digit of u?
2
Let t(f) = -41*f**3 + f**2 - f - 1. What is the tens digit of t(-1)?
4
Suppose -10*f + 900 = -0*f. What is the tens digit of f?
9
Suppose -9*u = -150 - 390. What is the units digit of u?
0
Let y(s) = s**3 + 10*s**2 + 5*s - 6. What is the tens digit of y(-7)?
0
Let j be ((-7)/((-14)/(-124)))/(-2). Suppose 0 = -5*d + u + 66, 7*u + j = 2*d + 2*u. What is the tens digit of d?
1
Let b = -12 + 29. What is the units digit of b?
7
Suppose 6 = -4*w - 3*l - 1, -3*w + 4*l = -1. What is the units digit of 5/(-10)*6*w?
3
Let s = -23 + 39. What is the units digit of ((-28)/(-16))/(2/s)?
4
Let i(m) = m**2 - m + 6. What is the units digit of i(7)?
8
Let n = 68 + 57. What is the tens digit of n?
2
Let i be (-1)/2 + (-78)/(-12). Suppose k = 3*k - i. What is the units digit of k?
3
Suppose -u = -0*u - 5. Suppose 0*t + u*j + 24 = 3*t, 5*j = -5*t + 80. What is the units digit of t?
3
Suppose -2*k = 2*r - 8, 3*k = 4*r - 9*r + 20. Suppose 0 = -r*a - 9 + 1. What is the units digit of (a - -14) + 4 + -2?
4
Let b = -1 - 2. Let j = 5 + b. What is the units digit of j?
2
Let j = -7 + 22. What is the units digit of j?
5
Let o(t) = 6*t + 11. Let r be (15/10)/((-1)/(-4)). What is the tens digit of o(r)?
4
Let t(d) = 3*d**2 + d**2 - 4*d - 4 + d**3 + 6*d. Let n be t(-3). What is the units digit of 8 - (0 - (1 + n))?
8
What is the units digit of (15 - 147)*(-1)/1?
2
Let l = 7 + -4. Suppose 0 = -h + b + 9, -4*h + 8*b + 37 = l*b. What is the units digit of h?
8
Suppose -39 = -5*g + 146. What is the tens digit of g?
3
Let l = 1 - 52. Let z = l + 9. What is the units digit of ((-12)/14)/(3/z)?
2
Let m be 6/36 + (-22)/(-12). Suppose -q = m*q - 156. What is the tens digit of q?
5
Let q = -40 + 21. Let l = -8 - q. Let n = -4 + l. What is the units digit of n?
7
Let r = 0 - 3. Let l be (-10)/3*-1*r. What is the units digit of (-24)/(-20)*l/(-3)?
4
Let h(n) = -n**3 + 11*n**2 - 14*n + 9. What is the units digit of h(9)?
5
Let p = 11 - 7. What is the units digit of 181/p - (-1)/(-4)?
5
Suppose -8 = 2*u - 3*u. Suppose -k + u = -3*k. Let w = k - -5. What is the units digit of w?
1
What is the tens digit of -7 + (-19)/(-3) + 754/6?
2
Let k(l) = 5*l - 3. Let n = 8 - 6. Let c be k(n). Suppose -4*x - c = -35. What is the units digit of x?
7
Suppose -5*p + 5 = 0, 2*f - 41 = f + 3*p. 